274
Convert -17023672 (base 8) to base 16.
-3c27ba
What is -1055425 (base 8) in base 9?
-474518
-1b7af0 (base 16) to base 8
-6675360
Convert 498411 (base 12) to base 6.
41350421
Convert 7c411 (base 13) to base 8.
673245
Convert -324110233 (base 5) to base 3.
-2121211211001
Convert -3fb9b (base 16) to base 5.
-31323034
132331233 (base 4) to base 13
45963
Convert 376945 (base 10) to base 15.
76a4a
-49228 (base 13) to base 9
-224311
What is -110795 (base 13) in base 12?
-17419b
69368d (base 14) to base 4
31222210031
What is -4012 (base 14) in base 10?
-10992
What is 171c0 (base 13) in base 15?
d1b0
Convert 8dbc (base 15) to base 3.
1112021220
-10100100101000101 (base 2) to base 16
-14945
Convert 319cb (base 14) to base 2.
11101010001111111
What is -354150 (base 6) in base 12?
-15956
What is 203333030 (base 4) in base 12?
71378
2101001020101 (base 3) to base 5
310314423
What is -9258e (base 16) in base 8?
-2222616
What is 21021011022011 (base 3) in base 8?
16565014
10117757 (base 9) to base 10
4854301
Convert 8925b (base 12) to base 6.
3521355
What is 1563716 (base 8) in base 14?
bacd8
Convert -12123 (base 5) to base 16.
-391
-1333301320 (base 4) to base 9
-876847
Convert 138a79 (base 13) to base 10.
476342
What is -84663a (base 15) in base 12?
-2139417
What is 15646612 (base 7) in base 10?
1524595
What is -201501211 (base 7) in base 13?
-2579b72
-41410150 (base 6) to base 9
-2226473
What is 10111000111001101010 (base 2) in base 4?
2320321222
-688387 (base 10) to base 14
-13cc27
1bb86 (base 12) to base 14
11154
6726266 (base 8) to base 6
102512410
1067765 (base 10) to base 14
1db1ad
What is 3112330000 (base 4) in base 14?
18cba8
120022521 (base 6) to base 13
606a5a
Convert 1990a75 (base 11) to base 12.
1159029
Convert -1821a4 (base 12) to base 2.
-1100110001010001100
Convert 2201110031 (base 4) to base 14.
132b25
What is 12221020221201 (base 3) in base 4?
30002012230
Convert -331011222 (base 4) to base 15.
-4e213
Convert 1ae9e (base 16) to base 9.
177186
What is 118c3 (base 14) in base 2?
1010011110010011
What is -104791 (base 16) in base 2?
-100000100011110010001
-10001010010100110100011 (base 2) to base 6
-241052243
Convert -200101001011011 (base 3) to base 8.
-45175431
What is -426072 (base 10) in base 8?
-1500130
Convert 31ad3 (base 15) to base 8.
464002
What is -c89c (base 14) in base 3?
-1202111202
What is 10011323 (base 4) in base 16?
417b
Convert -1738318 (base 14) to base 3.
-210111210220122
Convert -1971b5 (base 14) to base 12.
-37678b
22663 (base 13) to base 7
350353
-10011110111001001001 (base 2) to base 9
-1201678
What is a72942 (base 12) in base 5?
1133411044
Convert 741e0 (base 16) to base 12.
1ab2a8
What is -50e97a (base 15) in base 13?
-a488c7
What is 1308662 (base 11) in base 12?
913524
-11001101000000101010 (base 2) to base 4
-3031000222
3007536 (base 8) to base 3
1111011011211
Convert 2154200 (base 6) to base 15.
22239
-940bb (base 12) to base 16
-2f48f
Convert -250575 (base 9) to base 3.
-21200122112
Convert 120213112 (base 4) to base 12.
4a41a
1524463 (base 8) to base 6
13204551
11141126 (base 8) to base 12
98215a
-321a33 (base 12) to base 4
-3001022013
-1024 (base 15) to base 9
-4607
What is 34938 (base 12) in base 4?
101030330
Convert -40494 (base 12) to base 16.
-146b0
1352085 (base 9) to base 7
6212654
406554 (base 9) to base 4
322312000
What is -149ca64 (base 13) in base 10?
-6597166
Convert -1131132330 (base 4) to base 8.
-1353674
What is 50468b (base 12) in base 11?
785751
239310 (base 11) to base 13
1032c0
Convert -43310144 (base 5) to base 13.
-cc1c3
6b062d (base 14) to base 8
15732261
What is 1b1654 (base 14) in base 13?
279c62
Convert -180377 (base 9) to base 10.
-111850
Convert 212865 (base 9) to base 5.
13024244
What is -6502016 (base 7) in base 6?
-24540152
What is -22001111122100 (base 3) in base 13?
-b6b839
Convert -237012 (base 12) to base 16.
-8ba4e
10201001 (base 4) to base 8
44101
Convert 441222 (base 14) to base 15.
308d51
What is -3332170 (base 10) in base 15?
-45c49a
14c824 (base 13) to base 7
4235311
-485b00 (base 16) to base 10
-4741888
Convert -2011520 (base 6) to base 9.
-154303
What is -3889a2 (base 15) in base 7?
-32024405
17064276 (base 8) to base 15
533069
What is -63829 (base 12) in base 15?
-28b40
What is -1010220002122111 (base 3) in base 4?
-332220030100
What is -17334017 (base 8) in base 3?
-21121111102222
Convert 110013411 (base 5) to base 3.
212212112002
What is -37460374 (base 8) in base 4?
-133212003330
Convert -237370 (base 8) to base 4.
-103323320
What is 106b83 (base 16) in base 14?
200243
Convert -790c1 (base 16) to base 5.
-111331214
What is -3424756 (base 8) in base 13?
-26666c
2226286 (base 9) to base 12
499850
1437363 (base 9) to base 15
109d33
Convert 4216631 (base 7) to base 2.
1111100010000111001
Convert 1000011010110010100000 (base 2) to base 6.
115145012
-421700 (base 11) to base 16
-a4f50
Convert -4384314 (base 9) to base 15.
-318c81
35408 (base 15) to base 12
82222
3133220 (base 4) to base 11
a831
-c4351 (base 14) to base 6
-14044031
Convert -123203200 (base 5) to base 8.
-2224551
-93c7c (base 15) to base 2
-1110010011001010111
What is -2800c (base 13) in base 3?
-10210111001
-674057 (base 8) to base 9
-375808
Convert 5272083 (base 9) to base 16.
2b126b
-31362142 (base 7) to base 6
-132514234
-485882 (base 9) to base 4
-1013202323
Convert -2311200 (base 5) to base 16.
-a1d1
What is 20c40 (base 13) in base 7?
334413
Convert 11011101100001111111 (base 2) to base 4.
3131201333
What is -1000222201000 (base 3) in base 9?
-1028630
Convert 37793a (base 11) to base 12.
248b61
Convert -2401211 (base 5) to base 14.
-1201d
Convert -204205513 (base 6) to base 14.
-68a4cd
Convert -8d79e (base 16) to base 4.
-2031132132
What is 25765d (base 14) in base 10?
1288195
What is -311413 (base 8) in base 6?
-2113403
21121221221 (base 3) to base 8
445201
What is -3031644 (base 7) in base 4?
-1120011303
227142 (base 8) to base 12
3896a
What is -11100000100110101001 (base 2) in base 6?
-31415053
Convert -d18 (base 15) to base 8.
-5604
-41a72 (base 13) to base 12
-58500
Convert 407912 (base 13) to base 7.
15524156
401863 (base 9) to base 6
5032050
-6745155 (base 8) to base 9
-3375308
Convert c1144 (base 14) to base 3.
212120110220
What is -9091a1 (base 12) in base 8?
-10464711
What is 90cc3 (base 14) in base 10?
348267
Convert -2060925 (base 11) to base 5.
-1412211314
What is 25083858 (base 9) in base 3?
212002210221222
Convert 2261702 (base 14) to base 9.
33718448
What is a93bae (base 16) in base 2?
101010010011101110101110
Convert -1618d7 (base 16) to base 5.
-332320101
What is 46344440 (base 8) in base 15?
d4134b
-3323331220 (base 4) to base 2
-11111011111101101000
What is 1141012430 (base 6) in base 7?
214602654
Convert -187094 (base 10) to base 4.
-231223112
-102321012 (base 4) to base 13
-292b6
Convert -21321011013 (base 4) to base 16.
-279147
Convert -1a603 (base 12) to base 16.
-97e3
88764 (base 12) to base 4
230020330
Convert 68b24 (base 12) to base 3.
21002211201
What is -3454120 (base 6) in base 4?
-223210200
-366403 (base 9) to base 16
-3601e
Convert 437444 (base 15) to base 3.
20001021201201
What is 42365005 (base 7) in base 3?
20202200210211
What is 200332 (base 4) in base 15?
95a
What is -19ba5 (base 14) in base 4?
-33332011
What is -3122012310 (base 4) in base 12?
-370bb0
What is 11101001001010001111 (base 2) in base 8?
3511217
What is 6534a2 (base 12) in base 16?
1873fa
Convert -4063168 (base 10) to base 13.
-ac3555
-3e81b (base 15) to base 13
-7060a
What is 6e493 (base 16) in base 5?
103423411
Convert 42333431 (base 5) to base 16.
56ca3
112262336 (base 7) to base 4
122031313022
-110210102 (base 4) to base 9
-137502
-7074c0 (base 13) to base 8
-11763736
Convert -3102235 (base 8) to base 4.
-3020102131
84388b (base 16) to base 4
201003202023
What is -216266 (base 7) in base 4?
-21111023
140221 (base 8) to base 5
3034142
What is 82d65f (base 16) in base 11?
4927214
-4757b6 (base 12) to base 10
-1150266
Convert -3a241 (base 12) to base 10.
-79825
-66465640 (base 7) to base 4
-111313020013
Convert -101000000110100100 (base 2) to base 16.
-281a4
What is 1491a (base 15) in base 7?
363634
What is 400132332 (base 5) in base 9?
2848606
-575502 (base 9) to base 3
-122112120002
What is 